{"id":9,"date":"2023-01-29T19:44:18","date_gmt":"2023-01-29T18:44:18","guid":{"rendered":"https:\/\/bcplaisir.fr\/?page_id=9"},"modified":"2024-07-14T15:16:13","modified_gmt":"2024-07-14T13:16:13","slug":"infomations","status":"publish","type":"page","link":"https:\/\/bcplaisir.fr\/index.php\/infomations\/","title":{"rendered":"Le Club"},"content":{"rendered":"\n<p>Le Bowling club de plaisir est une association loi 1901.<br>Comme notre sport (<em>et oui c&rsquo;est un sport !!<\/em>) doit avant tout \u00eatre du plaisir, le club est organis\u00e9 pour pouvoir accueillir le plus grand nombre.<\/p>\n\n\n\n<p><strong>L&rsquo;\u00e9cole de Bowling et les entrainements<\/strong>&nbsp;permettent \u00e0 chacun d&rsquo;apprendre le Bowling ou renforcer sa technique.&nbsp;<strong>Pour les plus sportifs<\/strong>, des ligues (comp\u00e9titions internes) sont organis\u00e9es toutes les semaines et 3 \u00e9quipes participent aux championnats et \u00e0 la coupe de France.<\/p>\n\n\n\n<p>Le Club comporte une&nbsp;<strong>cinquantaine de membres<\/strong>&nbsp;dont 30 % de F\u00e9minines.<\/p>\n\n\n\n<p>Le club a une \u00e9cole de Bowling (une des les plus importantes d&rsquo;ile de France) comporte une vingtaine de jeunes. Des cours sont organis\u00e9s toutes les semaines hors vacance scolaire et les jeunes participent aux comp\u00e9titions organis\u00e9es par la Ligue Ile de France de Bowling.<\/p>\n\n\n\n<p>Bien qu&rsquo;\u00e9tant une association sportive cr\u00e9\u00e9e sous l&rsquo;\u00e9gide de la direction des sports de la mairie de Plaisir,&nbsp;<strong>elle est ouverte \u00e0 toutes celles et ceux qui d\u00e9sirent pratiquer le bowling<\/strong>&nbsp;de fa\u00e7on r\u00e9guli\u00e8re dans une ambiance conviviale et sympathique.<\/p>\n\n\n\n<div class=\"wp-block-columns is-layout-flex wp-container-core-columns-is-layout-9d6595d7 wp-block-columns-is-layout-flex\">\n<div class=\"wp-block-column is-layout-flow wp-block-column-is-layout-flow\" style=\"flex-basis:100%\">\n<div class=\"wp-block-group is-vertical is-layout-flex wp-container-core-group-is-layout-8cf370e7 wp-block-group-is-layout-flex\">\n<hr class=\"wp-block-separator has-alpha-channel-opacity\"\/>\n\n\n\n<p>Les documents de r\u00e9f\u00e9rence du club sont :<br>R\u00e8glement int\u00e9rieur du club : <\/p>\n\n\n\n<div class=\"wp-block-file\"><a id=\"wp-block-file--media-3669b8f1-d158-4476-bdf6-b439d39a2ab8\" href=\"https:\/\/bcplaisir.fr\/wp-content\/uploads\/2023\/02\/REGLEMENT-INTERIEUR-BCP-V5.pdf\"><img loading=\"lazy\" decoding=\"async\" width=\"50\" height=\"50\" class=\"wp-image-588\" style=\"width: 50px;\" src=\"https:\/\/bcplaisir.fr\/wp-content\/uploads\/2023\/02\/Document.jpg\" alt=\"\" srcset=\"https:\/\/bcplaisir.fr\/wp-content\/uploads\/2023\/02\/Document.jpg 690w, https:\/\/bcplaisir.fr\/wp-content\/uploads\/2023\/02\/Document-300x300.jpg 300w, https:\/\/bcplaisir.fr\/wp-content\/uploads\/2023\/02\/Document-150x150.jpg 150w\" sizes=\"auto, (max-width: 50px) 100vw, 50px\" \/>REGLEMENT-INTERIEUR-BCP-V5<\/a><a href=\"https:\/\/bcplaisir.fr\/wp-content\/uploads\/2023\/02\/REGLEMENT-INTERIEUR-BCP-V5.pdf\" class=\"wp-block-file__button wp-element-button\" download aria-describedby=\"wp-block-file--media-3669b8f1-d158-4476-bdf6-b439d39a2ab8\">T\u00e9l\u00e9charger<\/a><\/div>\n<\/div>\n<\/div>\n<\/div>\n\n\n\n<div class=\"wp-block-group is-vertical is-layout-flex wp-container-core-group-is-layout-8cf370e7 wp-block-group-is-layout-flex\">\n<p>R\u00e8glement championnat des clubs :<\/p>\n\n\n\n<div class=\"wp-block-columns is-layout-flex wp-container-core-columns-is-layout-9d6595d7 wp-block-columns-is-layout-flex\">\n<div class=\"wp-block-column is-layout-flow wp-block-column-is-layout-flow\" style=\"flex-basis:100%\">\n<div class=\"wp-block-file\"><a id=\"wp-block-file--media-b848ce9d-3d3a-4c7d-ba90-8ed6fcdcfcb7\" href=\"https:\/\/bcplaisir.fr\/wp-content\/uploads\/2023\/02\/REGLEMENT-BCP-pour-CDC-V3.pdf\"><img loading=\"lazy\" decoding=\"async\" width=\"50\" height=\"50\" class=\"wp-image-588\" style=\"width: 50px;\" src=\"https:\/\/bcplaisir.fr\/wp-content\/uploads\/2023\/02\/Document.jpg\" alt=\"\" srcset=\"https:\/\/bcplaisir.fr\/wp-content\/uploads\/2023\/02\/Document.jpg 690w, https:\/\/bcplaisir.fr\/wp-content\/uploads\/2023\/02\/Document-300x300.jpg 300w, https:\/\/bcplaisir.fr\/wp-content\/uploads\/2023\/02\/Document-150x150.jpg 150w\" sizes=\"auto, (max-width: 50px) 100vw, 50px\" \/> REGLEMENT-BCP-pour-CDC-V3<\/a><a href=\"https:\/\/bcplaisir.fr\/wp-content\/uploads\/2023\/02\/REGLEMENT-BCP-pour-CDC-V3.pdf\" class=\"wp-block-file__button wp-element-button\" download aria-describedby=\"wp-block-file--media-b848ce9d-3d3a-4c7d-ba90-8ed6fcdcfcb7\">T\u00e9l\u00e9charger<\/a><\/div>\n<\/div>\n<\/div>\n<\/div>\n","protected":false},"excerpt":{"rendered":"<p>Le Bowling club de plaisir est une association loi 1901.Comme notre sport (et oui c&rsquo;est un sport !!) doit avant tout \u00eatre du plaisir, le club est organis\u00e9 pour pouvoir accueillir le plus grand nombre. L&rsquo;\u00e9cole de Bowling et les entrainements&nbsp;permettent \u00e0 chacun d&rsquo;apprendre le Bowling ou renforcer sa technique.&nbsp;Pour les plus sportifs, des ligues&#8230;<\/p>\n","protected":false},"author":1,"featured_media":0,"parent":0,"menu_order":1,"comment_status":"closed","ping_status":"closed","template":"","meta":{"ngg_post_thumbnail":0,"footnotes":""},"class_list":["post-9","page","type-page","status-publish","hentry"],"_links":{"self":[{"href":"https:\/\/bcplaisir.fr\/index.php\/wp-json\/wp\/v2\/pages\/9","targetHints":{"allow":["GET"]}}],"collection":[{"href":"https:\/\/bcplaisir.fr\/index.php\/wp-json\/wp\/v2\/pages"}],"about":[{"href":"https:\/\/bcplaisir.fr\/index.php\/wp-json\/wp\/v2\/types\/page"}],"author":[{"embeddable":true,"href":"https:\/\/bcplaisir.fr\/index.php\/wp-json\/wp\/v2\/users\/1"}],"replies":[{"embeddable":true,"href":"https:\/\/bcplaisir.fr\/index.php\/wp-json\/wp\/v2\/comments?post=9"}],"version-history":[{"count":8,"href":"https:\/\/bcplaisir.fr\/index.php\/wp-json\/wp\/v2\/pages\/9\/revisions"}],"predecessor-version":[{"id":3730,"href":"https:\/\/bcplaisir.fr\/index.php\/wp-json\/wp\/v2\/pages\/9\/revisions\/3730"}],"wp:attachment":[{"href":"https:\/\/bcplaisir.fr\/index.php\/wp-json\/wp\/v2\/media?parent=9"}],"curies":[{"name":"wp","href":"https:\/\/api.w.org\/{rel}","templated":true}]}}