{"id":701,"date":"2023-02-24T20:00:09","date_gmt":"2023-02-24T19:00:09","guid":{"rendered":"https:\/\/bcplaisir.fr\/?page_id=701"},"modified":"2025-09-03T21:45:43","modified_gmt":"2025-09-03T19:45:43","slug":"petits-annonces","status":"publish","type":"page","link":"https:\/\/bcplaisir.fr\/index.php\/infomations\/petits-annonces\/","title":{"rendered":"Petites annonces \ud83e\udd1d\u200a"},"content":{"rendered":"\n<p>Voici le coin des bonnes affaires si vous \u00eates \u00e0 la recherche de mat\u00e9riel de bowling.<\/p>\n\n\n\n<p>Les coordonn\u00e9es du vendeur sont sur chaque photo.<\/p>\n\n\n\n\n\n<p><\/p>\n","protected":false},"excerpt":{"rendered":"<p>Voici le coin des bonnes affaires si vous \u00eates \u00e0 la recherche de mat\u00e9riel de bowling. Les coordonn\u00e9es du vendeur sont sur chaque photo.<\/p>\n","protected":false},"author":3,"featured_media":0,"parent":9,"menu_order":3,"comment_status":"closed","ping_status":"closed","template":"","meta":{"ngg_post_thumbnail":0,"footnotes":""},"class_list":["post-701","page","type-page","status-publish","hentry"],"_links":{"self":[{"href":"https:\/\/bcplaisir.fr\/index.php\/wp-json\/wp\/v2\/pages\/701","targetHints":{"allow":["GET"]}}],"collection":[{"href":"https:\/\/bcplaisir.fr\/index.php\/wp-json\/wp\/v2\/pages"}],"about":[{"href":"https:\/\/bcplaisir.fr\/index.php\/wp-json\/wp\/v2\/types\/page"}],"author":[{"embeddable":true,"href":"https:\/\/bcplaisir.fr\/index.php\/wp-json\/wp\/v2\/users\/3"}],"replies":[{"embeddable":true,"href":"https:\/\/bcplaisir.fr\/index.php\/wp-json\/wp\/v2\/comments?post=701"}],"version-history":[{"count":7,"href":"https:\/\/bcplaisir.fr\/index.php\/wp-json\/wp\/v2\/pages\/701\/revisions"}],"predecessor-version":[{"id":4726,"href":"https:\/\/bcplaisir.fr\/index.php\/wp-json\/wp\/v2\/pages\/701\/revisions\/4726"}],"up":[{"embeddable":true,"href":"https:\/\/bcplaisir.fr\/index.php\/wp-json\/wp\/v2\/pages\/9"}],"wp:attachment":[{"href":"https:\/\/bcplaisir.fr\/index.php\/wp-json\/wp\/v2\/media?parent=701"}],"curies":[{"name":"wp","href":"https:\/\/api.w.org\/{rel}","templated":true}]}}