{"id":3731,"date":"2024-07-14T15:25:41","date_gmt":"2024-07-14T13:25:41","guid":{"rendered":"https:\/\/bcplaisir.fr\/?page_id=3731"},"modified":"2024-07-14T15:26:17","modified_gmt":"2024-07-14T13:26:17","slug":"documents-dinformation-du-club","status":"publish","type":"page","link":"https:\/\/bcplaisir.fr\/index.php\/infomations\/documents-dinformation-du-club\/","title":{"rendered":"Documents d&rsquo;information du Club"},"content":{"rendered":"\n<p> <\/p>\n\n\n\n<p>Cette section regroupe divers documents d&rsquo;information sur le club. N&rsquo;h\u00e9sitez pas \u00e0 nous contacter via la page d\u00e9di\u00e9e sur le site pour des informations plus d\u00e9taill\u00e9es ou r\u00e9pondre \u00e0 nos questions.<\/p>\n\n\n\n<p class=\"has-text-align-center\" style=\"font-size:29px\"><mark style=\"background-color:#8ed1fc\" class=\"has-inline-color has-black-color\"><strong>Flyer de pr\u00e9sentation du club<\/strong><\/mark><br><mark style=\"background-color:#8ed1fc\" class=\"has-inline-color has-black-color\"><strong>(y compris les Horaires des entrainements pour les adultes)<\/strong><\/mark><\/p>\n\n\n\n<div data-wp-interactive=\"core\/file\" class=\"wp-block-file\"><object data-wp-bind--hidden=\"!state.hasPdfPreview\" hidden class=\"wp-block-file__embed\" data=\"https:\/\/bcplaisir.fr\/wp-content\/uploads\/2024\/07\/BOWLING-CLUB-DE-PLAISIR-Flyer-2025.pdf\" type=\"application\/pdf\" style=\"width:100%;height:600px\" aria-label=\"Contenu embarqu\u00e9 BOWLING-CLUB-DE-PLAISIR-Flyer-2025.\"><\/object><a id=\"wp-block-file--media-5e8d078d-6e06-43e5-a84e-e91cc3c659d4\" href=\"https:\/\/bcplaisir.fr\/wp-content\/uploads\/2024\/07\/BOWLING-CLUB-DE-PLAISIR-Flyer-2025.pdf\">BOWLING-CLUB-DE-PLAISIR-Flyer-2025<\/a><a href=\"https:\/\/bcplaisir.fr\/wp-content\/uploads\/2024\/07\/BOWLING-CLUB-DE-PLAISIR-Flyer-2025.pdf\" class=\"wp-block-file__button wp-element-button\" download aria-describedby=\"wp-block-file--media-5e8d078d-6e06-43e5-a84e-e91cc3c659d4\">T\u00e9l\u00e9charger<\/a><\/div>\n\n\n\n<p class=\"has-text-align-center\" style=\"font-size:29px\"><strong><mark style=\"background-color:#8ed1fc\" class=\"has-inline-color has-black-color\">Les documents de r\u00e9f\u00e9rence du club sont :<\/mark><\/strong><br>R\u00e8glement int\u00e9rieur du club :<\/p>\n\n\n\n<p><a href=\"https:\/\/bcplaisir.fr\/wp-content\/uploads\/2023\/02\/REGLEMENT-INTERIEUR-BCP-V5.pdf\">REGLEMENT-INTERIEUR-BCP-V5<\/a><\/p>\n\n\n\n<p class=\"has-text-align-center\" style=\"font-size:29px\">R\u00e8glement championnat des clubs :<\/p>\n\n\n\n<p><a href=\"https:\/\/bcplaisir.fr\/wp-content\/uploads\/2023\/02\/REGLEMENT-BCP-pour-CDC-V3.pdf\">\u00a0REGLEMENT-BCP-pour-CDC-V3<\/a><\/p>\n","protected":false},"excerpt":{"rendered":"<p>Cette section regroupe divers documents d&rsquo;information sur le club. N&rsquo;h\u00e9sitez pas \u00e0 nous contacter via la page d\u00e9di\u00e9e sur le site pour des informations plus d\u00e9taill\u00e9es ou r\u00e9pondre \u00e0 nos questions. Flyer de pr\u00e9sentation du club(y compris les Horaires des entrainements pour les adultes) Les documents de r\u00e9f\u00e9rence du club sont :R\u00e8glement int\u00e9rieur du club&#8230;<\/p>\n","protected":false},"author":1,"featured_media":0,"parent":9,"menu_order":0,"comment_status":"closed","ping_status":"closed","template":"","meta":{"ngg_post_thumbnail":0,"footnotes":""},"class_list":["post-3731","page","type-page","status-publish","hentry"],"_links":{"self":[{"href":"https:\/\/bcplaisir.fr\/index.php\/wp-json\/wp\/v2\/pages\/3731","targetHints":{"allow":["GET"]}}],"collection":[{"href":"https:\/\/bcplaisir.fr\/index.php\/wp-json\/wp\/v2\/pages"}],"about":[{"href":"https:\/\/bcplaisir.fr\/index.php\/wp-json\/wp\/v2\/types\/page"}],"author":[{"embeddable":true,"href":"https:\/\/bcplaisir.fr\/index.php\/wp-json\/wp\/v2\/users\/1"}],"replies":[{"embeddable":true,"href":"https:\/\/bcplaisir.fr\/index.php\/wp-json\/wp\/v2\/comments?post=3731"}],"version-history":[{"count":1,"href":"https:\/\/bcplaisir.fr\/index.php\/wp-json\/wp\/v2\/pages\/3731\/revisions"}],"predecessor-version":[{"id":3734,"href":"https:\/\/bcplaisir.fr\/index.php\/wp-json\/wp\/v2\/pages\/3731\/revisions\/3734"}],"up":[{"embeddable":true,"href":"https:\/\/bcplaisir.fr\/index.php\/wp-json\/wp\/v2\/pages\/9"}],"wp:attachment":[{"href":"https:\/\/bcplaisir.fr\/index.php\/wp-json\/wp\/v2\/media?parent=3731"}],"curies":[{"name":"wp","href":"https:\/\/api.w.org\/{rel}","templated":true}]}}